16*y - 37. List the prime factors of i(-5).
43, 101
Let y be -7 + 12 - (1 - -1). Let h be y/12 - (-220)/16. Suppose -h - 30 = -2*z. What are the prime factors of z?
2, 11
Suppose -125 + 5 = -10*t. Suppose r + r - t = 0. What are the prime factors of r?
2, 3
Let m = 791 - 468. What are the prime factors of m?
17, 19
Suppose -2*r + 156 = -3*y, 4*r + 169 + 5 = -3*y. Let x(d) = -d**3 - 8*d**2 - 7*d + 7. Let w be x(-7). What are the prime factors of y/(-4) - w/14?
13
Suppose -z - 2*y - 3*y = 21, -4*y = -5*z + 11. What are the prime factors of -2 + 20 - (2 - z)?
3, 5
Suppose -12 = -3*m, -m + 3491 = -4*k + 21335. List the prime factors of k.
2, 23, 97
Let f(y) = -1304*y**3 + 3*y**2 + 7*y + 5. List the prime factors of f(-1).
3, 5, 29
Let x(c) = -c + 17. Let q be x(15). Let i(j) = -2 - j**2 - q*j**2 - 2 - 2*j + 4*j**2. List the prime factors of i(-3).
11
List the prime factors of 0 + 1 + ((-12640)/4)/(-4).
7, 113
Suppose -b + 5*r - 10 = 0, 0*b - 2 = -3*b - r. Let j(z) = 4*z + 298. List the prime factors of j(b).
2, 149
Let p(t) = -3*t - 46. Let b be p(-14). List the prime factors of (b/6)/((-26)/5967).
3, 17
Let x = -846 - -888. List the prime factors of x.
2, 3, 7
Let c(y) = 27*y**2 - 3*y + 9. What are the prime factors of c(-4)?
3, 151
List the prime factors of (-78833)/(-186) + (-10)/12.
3, 47
Let q = -80 + 82. Let n(x) = 26*x**2 + x - 4. List the prime factors of n(q).
2, 3, 17
Let p be ((-1)/2)/((-2)/724). Let d = p - 125. List the prime factors of d.
2, 7
Suppose 0 = 2*v + 4*x + 13 - 67, -5*v + 93 = -4*x. Let i be (6/(-6))/((-4)/28). Let k = v - i. What are the prime factors of k?
2, 7
Let w(z) = -2*z + 14. Let h be w(6). Suppose 0 = 2*a - 3*c + 17 - h, -3*a + 2*c - 30 = 0. What are the prime factors of (-135)/(a/4) + 2?
47
Suppose 13*s - 124651 = -18*s. What are the prime factors of s?
4021
Let v = 442 - -208. What are the prime factors of v?
2, 5, 13
Let s(x) = x**3 - 8*x**2 + 5*x + 16. Let r be s(7). Suppose -3*q - 8 = -2*y, y - r = q + 1. What are the prime factors of (-28)/(y/2 + -1)?
2, 7
Let n be (3/(-12)*0)/2. Suppose 6*s + 3 - 51 = n. List the prime factors of (4/(-6))/(s/(-228)).
19
Suppose 0 = -94*x + 108907 + 103251. What are the prime factors of x?
37, 61
Let d(z) = -100*z + 198. List the prime factors of d(-8).
2, 499
Let q = 826 - 348. What are the prime factors of q?
2, 239
Let r(b) = -16*b + 82. List the prime factors of r(-34).
2, 313
Let l(y) = 9*y**2 + 7. Let j be l(-4). Let z = 299 - j. List the prime factors of z.
2, 37
What are the prime factors of (6/3 - 2154)*4/(-8)?
2, 269
Suppose a = -2*q + 6, -q - 51 = -a - 3*a. Suppose a = -0*y + 4*y. Suppose y*k + 5 = w, 5*w + 19 - 80 = -3*k. List the prime factors of w.
11
Suppose -3*y - 2*k - k = -84, -4*y = 2*k - 112. Let t = 35 - y. Suppose -52 = -t*z + 144. List the prime factors of z.
2, 7
Let j(o) be the third derivative of 1/12*o**5 + 0 + 3*o**2 - 1/120*o**6 + 0*o**3 + 0*o - 1/12*o**4. What are the prime factors of j(3)?
2, 3
Let a(o) = 3*o**3 - 8*o**2 + 2*o - 8. What are the prime factors of a(6)?
2, 7, 13
Let z(r) = 8*r**2 - 37*r - 25. List the prime factors of z(-14).
3, 229
Let m(l) be the second derivative of l**5/20 + 5*l**4/12 - 2*l**3/3 - 13*l**2/2 - 4*l. What are the prime factors of m(-3)?
17
Let v = -795 + 1354. What are the prime factors of v?
13, 43
Suppose 38*z - 26*z - 2604 = 0. List the prime factors of z.
7, 31
Let g(j) = 4*j**3 - 30*j**2 - 3*j - 18. List the prime factors of g(9).
3, 7
Suppose -24 = 5*d - d. Let x(s) = -s**2 - 14*s - 13. What are the prime factors of x(d)?
5, 7
Suppose -k - 211 = 5*s - 420, -4*k + 164 = 4*s. What are the prime factors of s?
2, 3, 7
Let z(h) = 276*h + 74. What are the prime factors of z(5)?
2, 727
Suppose -w + 270 = 8*w. Suppose -31*m = -30*m - w. List the prime factors of m.
2, 3, 5
Suppose k - 4568 = -5*i, 2*i + 3*k - 1520 - 315 = 0. Suppose -4*r = h + 2*h - 690, -4*h - 3*r = -i. List the prime factors of h.
2, 113
Let m(h) = h**2 + 4*h + 1. Let n be m(-5). Let p = n + -21. List the prime factors of -36*(p/6 - -2).
2, 3
Let l(v) be the second derivative of -v**4/12 - v**3 + 7*v**2 + v. Let w be l(-11). Let o = w + 82. List the prime factors of o.
41
Let p(v) = -46*v**3 - 22*v**2 + 5*v + 21. What are the prime factors of p(-4)?
2593
Suppose 60 = 2*x + 3*x. Let i be 30 - -2*x/(-8). What are the prime factors of ((-18)/i)/((-4)/282)?
47
Let k be (-2 - 1*-4) + 0. Suppose -d = -6 + k. Suppose 3*a + 7 = d*h - 62, 0 = -4*a + 20. What are the prime factors of h?
3, 7
Let a(i) = -9*i + 344. List the prime factors of a(11).
5, 7
Let i = 184 - 8. What are the prime factors of i?
2, 11
Suppose 12115 - 3727 = 12*t. What are the prime factors of t?
3, 233
Let q = -45 + 46. What are the prime factors of 1*-36*q*-1?
2, 3
Suppose 0 = -u + 6 - 2. Suppose -o - u = 3*o. Let c(j) = -14*j**3 + j**2 + 2*j + 1. List the prime factors of c(o).
2, 7
Suppose 0 = n + 1 - 0. Let z(f) = -58*f - 7. Let p(g) = -g - 1. Let u(h) = -6*p(h) + z(h). List the prime factors of u(n).
3, 17
Let o(s) = s**3 - 8*s**2 - 9*s + 4. Let i be o(9). Suppose 2*q + 4*b - 29 = -1, -2*q = -i*b + 4. What are the prime factors of q?
2, 3
Let l(f) be the first derivative of -3*f**4/4 + f**3/3 + 5. Let a be l(-1). Suppose 7 + a = v. What are the prime factors of v?
11
Suppose 3*q - 14 = -2*z, z - 9 - 5 = -5*q. Let i = 0 + q. Suppose 0*n + 3*s = 3*n - 18, i*n - s = 17. What are the prime factors of n?
11
Let k = 24 - 22. Let l be k + (-3 - -2) - -57. List the prime factors of (5/(-10))/((-1)/l).
29
Let p(n) = -12*n - 15. Let o(y) = -y**2 - 3*y + 5. Let b be o(3). List the prime factors of p(b).
3, 47
Let k = -41 + 99. Let g(n) = -k*n + 3 + 68*n - 6. What are the prime factors of g(3)?
3
Let h(c) = c**2 - 7*c + 6. Suppose 30 = -3*q - 2*q. What are the prime factors of h(q)?
2, 3, 7
Suppose 182 + 483 = 5*m. Suppose -45 - m = -a. List the prime factors of a.
2, 89
Suppose 13776 + 52836 = 21*b. List the prime factors of b.
2, 13, 61
Let z(r) = -r**2 - 6*r - 5. Let y be z(-3). What are the prime factors of 6/8*1918/42*y?
137
Let h = -33 - -9. Suppose 7*y - 44 = 26. Let c = y - h. What are the prime factors of c?
2, 17
Suppose 3*p - 17 = 1. Suppose -p*o + 2*o = 16. List the prime factors of (16/o)/4*-31.
31
Let t be -4*(-2)/(8/(-39)). What are the prime factors of (t/(-12) - 1)*4?
3
Suppose 173 + 24 = d. What are the prime factors of d?
197
Let i(h) = 7*h**3 - 3*h**2 - 2*h. Let n be i(-2). Let g = n + 107. Suppose -g = -4*o + f + 5, 52 = 4*o - 2*f. List the prime factors of o.
11
Suppose -2*g - 4 + 12 = 0. Suppose o + g - 16 = 0. Suppose 0 = 2*a + a - o. List the prime factors of a.
2
Suppose -5*h + 1606 = -909. What are the prime factors of h?
503
Let s = 2085 - 1123. List the prime factors of s.
2, 13, 37
Let n(g) = -g**3 + 3*g**2 - 2*g + 2. Let x be n(2). Let b be x - (-2 - (0 - 1)). What are the prime factors of -3 - -3 - (-60)/b?
2, 5
Suppose -a + 4*a = 33. Let w(f) = f**3 - 3*f**2 + 1. Let o be w(2). Let y = a + o. What are the prime factors of y?
2
What are the prime factors of 2/8 + (-66860)/(-80)?
2, 11, 19
Let v = 846 - 464. What are the prime factors of v?
2, 191
Let z(q) = 0 - 2 + 2 - 3*q**2 + q + 12*q**3. List the prime factors of z(2).
2, 43
Let m(z) be the first derivative of -z**4/4 + 5*z**3/3 - 5*z**2/2 + 4*z + 2. Let o be m(5). Let h = o - -40. What are the prime factors of h?
19
Suppose -5*b - 25 = 0, -z - 2*b = 6 - 0. Let i be (z/(-2) - -2)/(-1). What are the prime factors of 3 + 156/4 - i?
2, 3, 7
Let f = -26 + 24. List the prime factors of 14 - 0 - (-4 - f).
2
Let x = -64 + 73. Suppose 2*h + 1253 = x*h. List the prime factors of h.
179
Let j(x) = x**2 + 5*x. Let h be j(-6). Let i = h - 6. Let p(c) = -c**3 + c + 5. List the prime factors of p(i).
5
Let l = -469 - -800. What are the prime factors of l?
331
Let r(u) = -10*u - 17. Let c = 16 + -12. Suppose -7*m + c*m = 24. What are the prime factors of r(m)?
3, 7
Suppose 0 = -3*w - i + 989, w - 5*w + 2*i + 1322 = 0. List the prime factors of w.
2, 3, 5, 11
Suppose 4*z - 176 = 284. Suppose 0 = -3*u + u - p + 46, 5*u - 3*p = z. What are the prime factors of u?
23
Suppose -4*o = -2*t + 296, 5 + 3 = -4*t. Let u = -32 - o. List the prime factors of u.
43
List the prime factors of ((-8)/6)/(-2*4/1644).
2, 137
Let r be (